[INFO] cloning repository https://github.com/ArielMant0/RustChess
[INFO] running `Command { std: "git" "-c" "credential.helper=" "-c" "credential.helper=/workspace/cargo-home/bin/git-credential-null" "clone" "--bare" "https://github.com/ArielMant0/RustChess" "/workspace/cache/git-repos/https%3A%2F%2Fgithub.com%2FArielMant0%2FRustChess", kill_on_drop: false }`
[INFO] [stderr] Cloning into bare repository '/workspace/cache/git-repos/https%3A%2F%2Fgithub.com%2FArielMant0%2FRustChess'...
[INFO] running `Command { std: "git" "rev-parse" "HEAD", kill_on_drop: false }`
[INFO] [stdout] 6c69a93731898fff30606498fbe68cfc6710102e
[INFO] checking ArielMant0/RustChess against master#af3c6e733a40e671550e0f0f5aeecaa13772ba56 for pr-74989
[INFO] running `Command { std: "git" "clone" "/workspace/cache/git-repos/https%3A%2F%2Fgithub.com%2FArielMant0%2FRustChess" "/workspace/builds/worker-13/source", kill_on_drop: false }`
[INFO] [stderr] Cloning into '/workspace/builds/worker-13/source'...
[INFO] [stderr] done.
[INFO] validating manifest of git repo https://github.com/ArielMant0/RustChess on toolchain af3c6e733a40e671550e0f0f5aeecaa13772ba56
[INFO] running `Command { std: "/workspace/cargo-home/bin/cargo" "+af3c6e733a40e671550e0f0f5aeecaa13772ba56" "read-manifest" "--manifest-path" "Cargo.toml", kill_on_drop: false }`
[INFO] started tweaking git repo https://github.com/ArielMant0/RustChess
[INFO] finished tweaking git repo https://github.com/ArielMant0/RustChess
[INFO] tweaked toml for git repo https://github.com/ArielMant0/RustChess written to /workspace/builds/worker-13/source/Cargo.toml
[INFO] crate git repo https://github.com/ArielMant0/RustChess already has a lockfile, it will not be regenerated
[INFO] running `Command { std: "/workspace/cargo-home/bin/cargo" "+af3c6e733a40e671550e0f0f5aeecaa13772ba56" "fetch" "--locked" "--manifest-path" "Cargo.toml", kill_on_drop: false }`
[INFO] [stderr]     Blocking waiting for file lock on package cache
[INFO] [stderr] error: the lock file /workspace/builds/worker-13/source/Cargo.lock needs to be updated but --locked was passed to prevent this
[INFO] [stderr] If you want to try to generate the lock file without accessing the network, use the --offline flag.
[INFO] the lockfile is outdated, regenerating it
[INFO] running `Command { std: "/workspace/cargo-home/bin/cargo" "+af3c6e733a40e671550e0f0f5aeecaa13772ba56" "generate-lockfile" "--manifest-path" "Cargo.toml" "-Zno-index-update", kill_on_drop: false }`
[INFO] running `Command { std: "/workspace/cargo-home/bin/cargo" "+af3c6e733a40e671550e0f0f5aeecaa13772ba56" "fetch" "--locked" "--manifest-path" "Cargo.toml", kill_on_drop: false }`
[INFO] running `Command { std: "docker" "create" "-v" "/var/lib/crater-agent-workspace/builds/worker-13/target:/opt/rustwide/target:rw,Z" "-v" "/var/lib/crater-agent-workspace/builds/worker-13/source:/opt/rustwide/workdir:ro,Z" "-v" "/var/lib/crater-agent-workspace/cargo-home:/opt/rustwide/cargo-home:ro,Z" "-v" "/var/lib/crater-agent-workspace/rustup-home:/opt/rustwide/rustup-home:ro,Z" "-e" "SOURCE_DIR=/opt/rustwide/workdir" "-e" "CARGO_TARGET_DIR=/opt/rustwide/target" "-e" "CARGO_HOME=/opt/rustwide/cargo-home" "-e" "RUSTUP_HOME=/opt/rustwide/rustup-home" "-w" "/opt/rustwide/workdir" "-m" "1610612736" "--user" "0:0" "--network" "none" "rustops/crates-build-env@sha256:d92eaeed33fa75130ca1ee6c8a01d1ffb62bac859dfdfb3450e3e5d1c0146529" "/opt/rustwide/cargo-home/bin/cargo" "+af3c6e733a40e671550e0f0f5aeecaa13772ba56" "metadata" "--no-deps" "--format-version=1", kill_on_drop: false }`
[INFO] [stdout] 2f2858dad31e9fd630d84632626834d70e935ed8fce06b5306fdcb18f2547ee2
[INFO] [stderr] WARNING: Your kernel does not support swap limit capabilities or the cgroup is not mounted. Memory limited without swap.
[INFO] running `Command { std: "docker" "start" "-a" "2f2858dad31e9fd630d84632626834d70e935ed8fce06b5306fdcb18f2547ee2", kill_on_drop: false }`
[INFO] running `Command { std: "docker" "inspect" "2f2858dad31e9fd630d84632626834d70e935ed8fce06b5306fdcb18f2547ee2", kill_on_drop: false }`
[INFO] running `Command { std: "docker" "rm" "-f" "2f2858dad31e9fd630d84632626834d70e935ed8fce06b5306fdcb18f2547ee2", kill_on_drop: false }`
[INFO] [stdout] 2f2858dad31e9fd630d84632626834d70e935ed8fce06b5306fdcb18f2547ee2
[INFO] running `Command { std: "docker" "create" "-v" "/var/lib/crater-agent-workspace/builds/worker-13/target:/opt/rustwide/target:rw,Z" "-v" "/var/lib/crater-agent-workspace/builds/worker-13/source:/opt/rustwide/workdir:ro,Z" "-v" "/var/lib/crater-agent-workspace/cargo-home:/opt/rustwide/cargo-home:ro,Z" "-v" "/var/lib/crater-agent-workspace/rustup-home:/opt/rustwide/rustup-home:ro,Z" "-e" "SOURCE_DIR=/opt/rustwide/workdir" "-e" "CARGO_TARGET_DIR=/opt/rustwide/target" "-e" "CARGO_INCREMENTAL=0" "-e" "RUST_BACKTRACE=full" "-e" "RUSTFLAGS=--cap-lints=forbid" "-e" "CARGO_HOME=/opt/rustwide/cargo-home" "-e" "RUSTUP_HOME=/opt/rustwide/rustup-home" "-w" "/opt/rustwide/workdir" "-m" "1610612736" "--user" "0:0" "--network" "none" "rustops/crates-build-env@sha256:d92eaeed33fa75130ca1ee6c8a01d1ffb62bac859dfdfb3450e3e5d1c0146529" "/opt/rustwide/cargo-home/bin/cargo" "+af3c6e733a40e671550e0f0f5aeecaa13772ba56" "check" "--frozen" "--all" "--all-targets" "--message-format=json", kill_on_drop: false }`
[INFO] [stdout] 3892cfc4899ebf0081bcb5517c39f2a1ae0458fb06f47e7095dd131497f07897
[INFO] [stderr] WARNING: Your kernel does not support swap limit capabilities or the cgroup is not mounted. Memory limited without swap.
[INFO] running `Command { std: "docker" "start" "-a" "3892cfc4899ebf0081bcb5517c39f2a1ae0458fb06f47e7095dd131497f07897", kill_on_drop: false }`
[INFO] [stderr]    Compiling rand_core v0.4.2
[INFO] [stderr]    Compiling siphasher v0.2.3
[INFO] [stderr]    Compiling dtoa v0.4.6
[INFO] [stderr]    Compiling itoa v0.3.4
[INFO] [stderr]    Compiling serde v0.9.15
[INFO] [stderr]     Checking lazy_static v0.2.11
[INFO] [stderr]    Compiling arrayref v0.3.6
[INFO] [stderr]    Compiling fake-simd v0.1.2
[INFO] [stderr]    Compiling vk-sys v0.2.7
[INFO] [stderr]     Checking smallvec v0.3.4
[INFO] [stderr]     Checking crossbeam v0.2.12
[INFO] [stderr]     Checking lzw v0.9.0
[INFO] [stderr]     Checking bitflags v0.3.3
[INFO] [stderr]     Checking approx v0.1.1
[INFO] [stderr]     Checking glob v0.2.11
[INFO] [stderr]    Compiling num-traits v0.2.12
[INFO] [stderr]    Compiling num-integer v0.1.43
[INFO] [stderr]    Compiling num-iter v0.1.41
[INFO] [stderr]    Compiling miniz-sys v0.1.12
[INFO] [stderr]    Compiling xml-rs v0.3.6
[INFO] [stderr]    Compiling kernel32-sys v0.2.2
[INFO] [stderr]    Compiling block-buffer v0.3.3
[INFO] [stderr]    Compiling libc v0.2.77
[INFO] [stderr]     Checking gif v0.7.0
[INFO] [stderr]    Compiling typenum v1.12.0
[INFO] [stderr]    Compiling phf_shared v0.7.24
[INFO] [stderr]    Compiling rand_core v0.3.1
[INFO] [stderr]    Compiling rand_jitter v0.1.4
[INFO] [stderr]     Checking shared_library v0.1.9
[INFO] [stderr]     Checking time v0.1.44
[INFO] [stderr]    Compiling rand_pcg v0.1.2
[INFO] [stderr]     Checking x11-dl v2.18.5
[INFO] [stderr]    Compiling rand_chacha v0.1.1
[INFO] [stderr]    Compiling rand_xorshift v0.1.1
[INFO] [stderr]    Compiling rand_isaac v0.1.1
[INFO] [stderr]    Compiling rand_hc v0.1.0
[INFO] [stderr]    Compiling phf v0.7.24
[INFO] [stderr]     Checking tempfile v2.2.0
[INFO] [stderr]     Checking vulkano v0.3.2
[INFO] [stderr]    Compiling rand_os v0.1.3
[INFO] [stderr]    Compiling getrandom v0.1.15
[INFO] [stderr]     Checking fs2 v0.2.5
[INFO] [stderr]    Compiling wayland-scanner v0.7.8
[INFO] [stderr]     Checking memmap v0.4.0
[INFO] [stderr]    Compiling rand v0.6.5
[INFO] [stderr]    Compiling rand_core v0.5.1
[INFO] [stderr]     Checking flate2 v0.2.20
[INFO] [stderr]    Compiling rand_chacha v0.2.2
[INFO] [stderr]    Compiling generic-array v0.9.0
[INFO] [stderr]    Compiling wayland-client v0.7.8
[INFO] [stderr]     Checking num-traits v0.1.43
[INFO] [stderr]     Checking num-complex v0.1.43
[INFO] [stderr]    Compiling rand v0.7.3
[INFO] [stderr]    Compiling digest v0.7.6
[INFO] [stderr]     Checking enum_primitive v0.1.1
[INFO] [stderr]     Checking cgmath v0.12.0
[INFO] [stderr]    Compiling sha2 v0.7.1
[INFO] [stderr]     Checking num-bigint v0.1.44
[INFO] [stderr]    Compiling glsl-to-spirv v0.1.7
[INFO] [stderr]    Compiling phf_generator v0.7.24
[INFO] [stderr]     Checking png v0.4.3
[INFO] [stderr]    Compiling phf_codegen v0.7.24
[INFO] [stderr]    Compiling target_build_utils v0.3.1
[INFO] [stdout] error[E0081]: discriminant value `1000104001` already exists
[INFO] [stdout]    --> /opt/rustwide/cargo-home/registry/src/github.com-1ecc6299db9ec823/vulkano-0.3.2/src/swapchain/surface.rs:906:26
[INFO] [stdout]     |
[INFO] [stdout] 905 |     DisplayP3Linear = vk::COLOR_SPACE_DISPLAY_P3_LINEAR_EXT,
[INFO] [stdout]     |                       ------------------------------------- first use of `1000104001`
[INFO] [stdout] 906 |     DisplayP3NonLinear = vk::COLOR_SPACE_DISPLAY_P3_NONLINEAR_EXT,
[INFO] [stdout]     |                          ^^^^^^^^^^^^^^^^^^^^^^^^^^^^^^^^^^^^^^^^ enum already has `1000104001`
[INFO] [stdout] 
[INFO] [stdout] 
[INFO] [stdout] error[E0081]: discriminant value `1000104003` already exists
[INFO] [stdout]    --> /opt/rustwide/cargo-home/registry/src/github.com-1ecc6299db9ec823/vulkano-0.3.2/src/swapchain/surface.rs:909:19
[INFO] [stdout]     |
[INFO] [stdout] 907 |     ScrgbLinear = vk::COLOR_SPACE_SCRGB_LINEAR_EXT,
[INFO] [stdout]     |                   -------------------------------- first use of `1000104003`
[INFO] [stdout] 908 |     ScrgbNonLinear = vk::COLOR_SPACE_SCRGB_NONLINEAR_EXT,
[INFO] [stdout] 909 |     DciP3Linear = vk::COLOR_SPACE_DCI_P3_LINEAR_EXT,
[INFO] [stdout]     |                   ^^^^^^^^^^^^^^^^^^^^^^^^^^^^^^^^^ enum already has `1000104003`
[INFO] [stdout] 
[INFO] [stdout] 
[INFO] [stdout] error[E0081]: discriminant value `1000104004` already exists
[INFO] [stdout]    --> /opt/rustwide/cargo-home/registry/src/github.com-1ecc6299db9ec823/vulkano-0.3.2/src/swapchain/surface.rs:910:22
[INFO] [stdout]     |
[INFO] [stdout] 908 |     ScrgbNonLinear = vk::COLOR_SPACE_SCRGB_NONLINEAR_EXT,
[INFO] [stdout]     |                      ----------------------------------- first use of `1000104004`
[INFO] [stdout] 909 |     DciP3Linear = vk::COLOR_SPACE_DCI_P3_LINEAR_EXT,
[INFO] [stdout] 910 |     DciP3NonLinear = vk::COLOR_SPACE_DCI_P3_NONLINEAR_EXT,
[INFO] [stdout]     |                      ^^^^^^^^^^^^^^^^^^^^^^^^^^^^^^^^^^^^ enum already has `1000104004`
[INFO] [stdout] 
[INFO] [stdout] 
[INFO] [stderr]    Compiling tempfile v3.1.0
[INFO] [stderr]     Checking num-rational v0.1.42
[INFO] [stdout] error[E0282]: type annotations needed
[INFO] [stdout]     --> /opt/rustwide/cargo-home/registry/src/github.com-1ecc6299db9ec823/vulkano-0.3.2/src/command_buffer/sys.rs:1167:29
[INFO] [stdout]      |
[INFO] [stdout] 1167 |         self.src_stage_mask |= source.into();
[INFO] [stdout]      |                             ^^ ------------- this method call resolves to `T`
[INFO] [stdout]      |                             |
[INFO] [stdout]      |                             cannot infer type
[INFO] [stdout] 
[INFO] [stdout] 
[INFO] [stdout] error[E0282]: type annotations needed
[INFO] [stdout]     --> /opt/rustwide/cargo-home/registry/src/github.com-1ecc6299db9ec823/vulkano-0.3.2/src/command_buffer/sys.rs:1204:29
[INFO] [stdout]      |
[INFO] [stdout] 1204 |         self.src_stage_mask |= request.source_stage.into();
[INFO] [stdout]      |                             ^^ --------------------------- this method call resolves to `T`
[INFO] [stdout]      |                             |
[INFO] [stdout]      |                             cannot infer type
[INFO] [stdout] 
[INFO] [stdout] 
[INFO] [stdout] error[E0282]: type annotations needed
[INFO] [stdout]     --> /opt/rustwide/cargo-home/registry/src/github.com-1ecc6299db9ec823/vulkano-0.3.2/src/command_buffer/sys.rs:1239:29
[INFO] [stdout]      |
[INFO] [stdout] 1239 |         self.src_stage_mask |= request.source_stage.into();
[INFO] [stdout]      |                             ^^ --------------------------- this method call resolves to `T`
[INFO] [stdout]      |                             |
[INFO] [stdout]      |                             cannot infer type
[INFO] [stdout] 
[INFO] [stdout] 
[INFO] [stderr]     Checking num v0.1.42
[INFO] [stderr]    Compiling serde_json v0.9.10
[INFO] [stderr]     Checking image v0.6.1
[INFO] [stderr] error: could not compile `vulkano`.
[INFO] [stderr] 
[INFO] [stderr] Caused by:
[INFO] [stderr]   process didn't exit successfully: `rustc --crate-name vulkano /opt/rustwide/cargo-home/registry/src/github.com-1ecc6299db9ec823/vulkano-0.3.2/src/lib.rs --error-format=json --json=diagnostic-rendered-ansi --crate-type lib --emit=dep-info,metadata -C embed-bitcode=no -C debuginfo=2 -C metadata=1af83d1159aefda7 -C extra-filename=-1af83d1159aefda7 --out-dir /opt/rustwide/target/debug/deps -L dependency=/opt/rustwide/target/debug/deps --extern crossbeam=/opt/rustwide/target/debug/deps/libcrossbeam-ce174d33fd8a3406.rmeta --extern fnv=/opt/rustwide/target/debug/deps/libfnv-9480b9b5ca08fe13.rmeta --extern lazy_static=/opt/rustwide/target/debug/deps/liblazy_static-dff27b04d62e9af8.rmeta --extern shared_library=/opt/rustwide/target/debug/deps/libshared_library-514682fa3dbd6788.rmeta --extern smallvec=/opt/rustwide/target/debug/deps/libsmallvec-fc47a928c717132e.rmeta --extern vk_sys=/opt/rustwide/target/debug/deps/libvk_sys-f046eb836b830c75.rmeta --cap-lints allow --cap-lints=forbid` (signal: 9, SIGKILL: kill)
[INFO] [stderr] warning: build failed, waiting for other jobs to finish...
[INFO] [stderr] error: build failed
[INFO] running `Command { std: "docker" "inspect" "3892cfc4899ebf0081bcb5517c39f2a1ae0458fb06f47e7095dd131497f07897", kill_on_drop: false }`
[INFO] running `Command { std: "docker" "rm" "-f" "3892cfc4899ebf0081bcb5517c39f2a1ae0458fb06f47e7095dd131497f07897", kill_on_drop: false }`
[INFO] [stdout] 3892cfc4899ebf0081bcb5517c39f2a1ae0458fb06f47e7095dd131497f07897
